13. Let m be y(-6). Let t be ((-10)/(-20))/(m/34). Suppose -3*b + 7 + t = 0. What are the prime factors of b?
2
Let t(f) = -8*f + 10*f**2 - 4*f**3 + 13 + 3*f**3 + 18*f + 2*f**3. Let b be t(-9). Suppose 2*r - 87 = z + b*z, 0 = -2*z - 10. List the prime factors of r.
31
Let v(p) = p**3 + 9*p**2 + 8*p - 4. Suppose 0*s = 6*s + 42. What are the prime factors of v(s)?
2, 19
Let d(q) = q**2 - 11*q + 3. Let w be d(11). List the prime factors of -20 + 161 - ((0 - 0) + w).
2, 3, 23
List the prime factors of 4/((-2)/13 - (-18906)/119002).
2, 199
Suppose -2*f - 3*u + 34 = 0, -3*f - u + 41 = u. Suppose f*r - 138 = 236. List the prime factors of r.
2, 17
Let d(s) = 2*s**2 + 3*s + 6. Let l(f) = f**2 + 1. Let q(r) = -d(r) + 6*l(r). List the prime factors of q(3).
3
Let u(a) = 2*a - 11. Let q be u(8). Suppose q*o = -1 - 9. Let v = 17 + o. What are the prime factors of v?
3, 5
Let x = 508 + 543. What are the prime factors of x?
1051
Let c(l) = -1 + 0 + 158*l - 7 + 0. What are the prime factors of c(1)?
2, 3, 5
Let z(l) = l**3 - l. Let a be z(0). Suppose 3*v + v - 28 = a. What are the prime factors of v?
7
Let s = -186 - -2008. What are the prime factors of s?
2, 911
Suppose 7*c - 2*c = -2*s - 5, 4*c + 4 = s. Let k be ((-28)/(-8))/(c/(-2)). Suppose -2*w = -k*w + 155. List the prime factors of w.
31
Let i(r) = -2*r**2 + 6*r + 5. Let q be i(5). Let a = q + 22. Suppose g - 9 = a. List the prime factors of g.
2
Suppose -3*o - 2903 = -5*l, -o = -5*l + 1524 + 1387. What are the prime factors of l?
11, 53
Suppose -4*p = -43 - 149. Suppose -4*a + 4 = -p. Suppose n = 20 - a. What are the prime factors of n?
7
Let m(i) be the second derivative of -i**3/6 + 12*i**2 + 9*i. List the prime factors of m(-14).
2, 19
Let z = -9 - -12. Suppose -3*m - 5 = -2*s, z*m = 2 + 1. List the prime factors of s.
2
Let n = 908 - 511. List the prime factors of n.
397
Suppose 4*t + 12 - 1536 = 0. What are the prime factors of t?
3, 127
Suppose 2*f = a + 117, 1 + 4 = -5*a. What are the prime factors of 1/(1 - 2) + f?
3, 19
Let a = 831 - 386. What are the prime factors of a?
5, 89
Suppose -v = 5*h + 1, -v - 2*h = -5 - 0. Suppose 3*n + z - v = 0, -4*z = 2*n + 3*n - 15. Suppose -n*o + 76 = 19. What are the prime factors of o?
19
Suppose 126 = -2*x + 1304. List the prime factors of x.
19, 31
Let x = 96 - 9. What are the prime factors of x?
3, 29
Let h be ((-16)/(-5))/(4/10)*1. Let l = 156 - h. What are the prime factors of l?
2, 37
Let x(p) = 5*p**2 - 6*p + 8. Suppose 0 = 5*i + i + 18. Let f(w) = -4*w**2 + 7*w - 7. Let a(n) = i*f(n) - 2*x(n). What are the prime factors of a(7)?
2, 5
Suppose 2*j - 3*x + 3 = -7, -28 = 3*j + 2*x. Let o = 1201 + -1164. Let a = j + o. What are the prime factors of a?
29
Suppose -5*q = -5754 - 86. List the prime factors of q.
2, 73
Let y = -9 + 11. Suppose -l = -5*l - w - 42, -2*l - y*w = 24. List the prime factors of l*(-2 - 9/(-6)).
5
Suppose m = 25*m - 2016. What are the prime factors of m?
2, 3, 7
Let l(h) = 41*h**3 - 3*h**2 + 3*h. Let p be l(1). Suppose -14 = -n + p. List the prime factors of n.
5, 11
List the prime factors of (1 + (-1213)/3)/(10/(-30)).
2, 5, 11
Suppose 2701 = -0*s + 3*s - l, -887 = -s - 3*l. What are the prime factors of s?
29, 31
Let z(x) = 4*x**2 - x + 24. Let f(p) = -5*p**2 - 25. Let t(c) = -5*f(c) - 6*z(c). What are the prime factors of t(-9)?
2
Let p(h) = 48*h + 23. List the prime factors of p(3).
167
Suppose 0 = 5*r - 67 + 7. What are the prime factors of (-4)/r - 88/(-3)?
29
Let n(k) be the first derivative of k**4/4 + 4*k**3 - 3*k**2/2 - 6*k + 6. Let f be n(-12). What are the prime factors of (-5 + 0)*(-168)/f?
2, 7
Let k(n) = n**3 + 8*n**2 + 5*n - 10. Let a be k(-7). Suppose 5*g = a*t + 1072, -430 = -6*g + 4*g + 2*t. List the prime factors of g.
2, 53
Let c be -30*(2/3 + -2). Let x be -1*72*(-50)/c. Suppose -7*d + x = -d. What are the prime factors of d?
3, 5
Let g be (-1)/(-2)*10/5. List the prime factors of g/(-1) + 30 + -1.
2, 7
Suppose -43*o + 47990 = 5592. List the prime factors of o.
2, 17, 29
Suppose -18*i + 177 = -26319. What are the prime factors of i?
2, 23
Suppose -8*y = -3*k - 4*y + 454, 4*y - 276 = -2*k. Suppose -2*x = -k + 4. What are the prime factors of x?
71
Let q(b) = b**3 - 7*b**2 + 7*b + 7. Let l be (-4)/8*6 + 12. Suppose -l*p + 5*p = -24. List the prime factors of q(p).
13
Let f be (1 + -5)*(3 - 1). Suppose -68 = -k - 3*k. Let w = f + k. List the prime factors of w.
3
Suppose -2421*o + 2428*o - 1848 = 0. List the prime factors of o.
2, 3, 11
Let f(g) = 4*g**2 - 3*g + 4. Let r be f(-5). Suppose -4*w + r = 3*a, -w - 1 = a - 32. List the prime factors of w.
2, 13
Suppose 0 = 4*b - 45 + 5. Suppose -f = -27 - b. What are the prime factors of f?
37
Let p(n) = -n**3 + 9*n**2 + 13*n + 6. Let w be -20*2*(-4)/16. What are the prime factors of p(w)?
2, 3
Let w(f) = 7*f**2 + 3*f - 7. What are the prime factors of w(-4)?
3, 31
What are the prime factors of 890694/1134 + 8/(-18)?
5, 157
Let m = 44 - 149. List the prime factors of (-441)/(-5) - (-21)/m.
2, 11
Suppose -k + 24 = 5*k. Let q(w) = 5*w**2 + w - 3. List the prime factors of q(k).
3
Suppose 13*b - 980 = 242. List the prime factors of b.
2, 47
Let f be (3 - -8)*(-1)/(-1). Let l(m) = m**3 - 10*m**2 - 8*m + 13. List the prime factors of l(f).
2, 23
Let i(w) = -1 - 5*w**3 - 141*w**2 + 0 + 141*w**2 + w. Suppose 4*t + t = -10. What are the prime factors of i(t)?
37
Let i(f) = -f**2 - 87*f + 63. List the prime factors of i(-59).
5, 7
Suppose -34*w + 31*w + 1053 = 0. Suppose 4*n = i + w, -i = -n + 74 + 16. List the prime factors of n.
3, 29
Suppose -3*v - 6 = 3. Let t(z) = -z - 3. Let r be t(v). Suppose -5 + 0 = -s - 4*j, r = -2*s + 5*j + 10. What are the prime factors of s?
5
Let t(x) = x**3 - 5*x**2 + 6*x - 8. Let r be t(4). Suppose -4*f = z - 70, 5*z = 4*f - r*z - 58. List the prime factors of f.
17
Let g = 13695 - 9205. What are the prime factors of g?
2, 5, 449
Let w be (8/12)/(4/162). Suppose w + 49 = 2*l. What are the prime factors of l?
2, 19
Let z = -13 + 28. Suppose -16*a = -19*a + 63. Let m = a - z. List the prime factors of m.
2, 3
Suppose 6*i - 5*i = -116. Let f be (-1 - i/20)*5. Let j = -6 + f. What are the prime factors of j?
2, 3
Suppose 2*w + 255 = 3*w. What are the prime factors of w?
3, 5, 17
Let w be (38/95)/((-2)/(-30)). Suppose w*b - 13 = 11. Suppose -v - 180 = -b*v. What are the prime factors of v?
2, 3, 5
Suppose -5*g - 3*z + 4024 = 0, 3*g - 3206 = -g + 2*z. List the prime factors of g.
11, 73
Let l(i) = -i**2 - i + 25. Let o be l(-13). Let q = 367 + o. What are the prime factors of q?
2, 59
Suppose 5*g - 35 = -5*r, 2*g - 22 = g - 4*r. Suppose g*y = 11 - 5. List the prime factors of y.
3
Let i = -6 - -4. Let a(y) = 29*y**2 - 4*y - 1. What are the prime factors of a(i)?
3, 41
Let h(a) = -a**2 + 23*a + 144. What are the prime factors of h(21)?
2, 3, 31
Let k(b) = 74*b**2 + 3*b - 61. List the prime factors of k(7).
2, 11, 163
Let a be -20*((-15)/(-5) + -7). List the prime factors of (-84)/5*a/(-12).
2, 7
Let s = 823 - 425. What are the prime factors of s?
2, 199
Suppose -6*j + 4*j - o + 2043 = 0, 5*o - 1044 = -j. What are the prime factors of j?
1019
Suppose 0 = 5*t - 3*z - 80, 4*t - 18 - 46 = -2*z. Let o = 21 - t. Let i = o - -12. What are the prime factors of i?
17
Let n be 3 - (2 + -20)/3. Let a = n + -11. Let j = a + 31. List the prime factors of j.
29
Suppose -4*l + 4 = -3*l, -4*l + 18 = -z. Let b be (-21)/z*(-840)/98. Let y = b + 145. What are the prime factors of y?
5, 11
Let k = -25 - -23. Let n = 32 - k. List the prime factors of n.
2, 17
Let v(a) = -2*a**3 - 2*a**2 - 2*a - 1. Let p be v(-2). Suppose 3*i + 73 = 4*f, 3*i + p = -2*f + 52. List the prime factors of f.
19
Let d(t) = t**2 - 9*t - 2. Let b be d(9). Let y be (-144)/3 + (-4)/b. List the prime factors of 3*(-12)/(-9) - y.
2, 5
Suppose -1122 = -i + 3*g, 5*i = i + 4*g + 4528. List the prime factors of i.
3, 379
Let s = 2305 - -340. List the prime factors of s.
5, 23
Let x(o) = -o**2 - 24*o - 60. Let q be x(-21). Suppose -2*c - 785 = -3*p, -4*p + q*c - 2*c + 1040 = 0. List the prime factors of p.
7, 37
Let u(m) be the second derivative of -m**4/12 - 4*m**3 + 28*m**2 - 30*m. List the prime factors of u(-24).
2, 7
Let g(z) = -z**3 - 17*z**2 - 15*z + 19. Let n be g(-16). What are the prime facto